 the hundred millions digit of 794473033?
7
What is the hundred thousands digit of 147839847?
8
What is the billions digit of 8233147680?
8
What is the ten thousands digit of 4593674529?
7
What is the ten thousands digit of 277856242?
5
What is the ten thousands digit of 1809846093?
4
What is the thousands digit of 24828524?
8
What is the units digit of 2334388?
8
What is the ten thousands digit of 779464455?
6
What is the units digit of 47366760?
0
What is the hundreds digit of 479358829?
8
What is the hundred thousands digit of 272159683?
1
What is the ten thousands digit of 8235625?
3
What is the tens digit of 160483985?
8
What is the ten thousands digit of 42972055?
7
What is the ten thousands digit of 209195903?
9
What is the hundreds digit of 94878900?
9
What is the units digit of 48128640?
0
What is the units digit of 220914063?
3
What is the hundred thousands digit of 12542556?
5
What is the hundreds digit of 968507011?
0
What is the ten millions digit of 295826844?
9
What is the tens digit of 8084462?
6
What is the thousands digit of 499507540?
7
What is the millions digit of 13290558?
3
What is the tens digit of 60436646?
4
What is the billions digit of 1920957460?
1
What is the hundred millions digit of 3816875733?
8
What is the tens digit of 7686097?
9
What is the hundred thousands digit of 1952323528?
3
What is the thousands digit of 2564894119?
4
What is the ten millions digit of 561762355?
6
What is the thousands digit of 3542334278?
4
What is the ten millions digit of 88469425?
8
What is the thousands digit of 25344620?
4
What is the hundreds digit of 2136642598?
5
What is the tens digit of 217044071?
7
What is the units digit of 40683236?
6
What is the tens digit of 6865962?
6
What is the millions digit of 352449934?
2
What is the millions digit of 466830898?
6
What is the hundred millions digit of 1764774493?
7
What is the hundred thousands digit of 261354688?
3
What is the ten millions digit of 1794556140?
9
What is the tens digit of 306664462?
6
What is the units digit of 311526561?
1
What is the thousands digit of 142944118?
4
What is the hundred thousands digit of 75088968?
0
What is the thousands digit of 5229574890?
4
What is the tens digit of 103312591?
9
What is the millions digit of 1368250166?
8
What is the ten thousands digit of 5862458883?
5
What is the thousands digit of 626469352?
9
What is the units digit of 371669222?
2
What is the tens digit of 1379665396?
9
What is the ten thousands digit of 17696860?
9
What is the units digit of 90766686?
6
What is the ten thousands digit of 189096341?
9
What is the hundred thousands digit of 657862075?
8
What is the thousands digit of 479783931?
3
What is the millions digit of 159268185?
9
What is the thousands digit of 221120469?
0
What is the tens digit of 87064259?
5
What is the hundred millions digit of 1274785299?
2
What is the tens digit of 5792458778?
7
What is the ten thousands digit of 1266533393?
3
What is the hundred thousands digit of 576536206?
5
What is the hundreds digit of 83979723?
7
What is the hundred millions digit of 2477597119?
4
What is the ten millions digit of 109235387?
0
What is the hundreds digit of 1095900391?
3
What is the units digit of 116237317?
7
What is the ten thousands digit of 183302247?
0
What is the ten millions digit of 201624520?
0
What is the ten millions digit of 32316542?
3
What is the units digit of 183507642?
2
What is the ten millions digit of 716085988?
1
What is the ten millions digit of 1789305782?
8
What is the tens digit of 1028777350?
5
What is the millions digit of 286970369?
6
What is the hundreds digit of 60647497?
4
What is the ten millions digit of 150527934?
5
What is the thousands digit of 1558655272?
5
What is the millions digit of 3110501181?
0
What is the units digit of 189459305?
5
What is the thousands digit of 178162420?
2
What is the thousands digit of 56698693?
8
What is the hundred millions digit of 123073998?
1
What is the tens digit of 208501107?
0
What is the ten millions digit of 64931735?
6
What is the billions digit of 1597612027?
1
What is the tens digit of 4710685136?
3
What is the hundred thousands digit of 87185177?
1
What is the hundred thousands digit of 2554284296?
2
What is the hundreds digit of 47085913?
9
What is the tens digit of 118488473?
7
What is the millions digit of 1138968304?
8
What is the hundred thousands digit of 122572227?
5
What is the hundreds digit of 31438669?
6
What is the hundreds digit of 2474547961?
9
What is the ten thousands digit of 755466590?
6
What is the ten millions digit of 600349469?
0
What is the millions digit of 144620548?
4
What is the ten thousands digit of 302572272?
7
What is the hundreds digit of 53859623?
6
What is the hundred thousands digit of 476518383?
5
What is the tens digit of 2584111185?
8
What is the ten thousands digit of 153003588?
0
What is the ten thousands digit of 61767753?
6
What is the hundred thousands digit of 957051859?
0
What is the thousands digit of 9040502?
0
What is the ten thousands digit of 360851798?
5
What is the tens digit of 37684154?
5
What is the ten thousands digit of 22903380?
0
What is the units digit of 70726659?
9
What is the hundred thousands digit of 5876161918?
1
What is the ten thousands digit of 22876424?
7
What is the millions digit of 149586319?
9
What is the tens digit of 790679396?
9
What is the billions digit of 3500893218?
3
What is the units digit of 149145061?
1
What is the hundred millions digit of 2276390270?
2
What is the units digit of 285591834?
4
What is the hundreds digit of 6539664?
6
What is the millions digit of 2308051?
2
What is the hundreds digit of 15642339?
3
What is the ten thousands digit of 4942442918?
4
What is the hundred millions digit of 487850874?
4
What is the hundred thousands digit of 30077236?
0
What is the ten thousands digit of 1617017809?
1
What is the ten thousands digit of 342454774?
5
What is the hundred thousands digit of 33916915?
9
What is the hundreds digit of 78710151?
1
What is the units digit of 273508326?
6
What is the ten millions digit of 2564028127?
6
What is the thousands digit of 334121227?
1
What is the thousands digit of 2083090563?
0
What is the units digit of 44461974?
4
What is the hundred millions digit of 6526941856?
5
What is the hundreds digit of 754881211?
2
What is the hundreds digit of 60931297?
2
What is the units digit of 2075584752?
2
What is the hundred millions digit of 218192839?
2
What is the tens digit of 158037084?
8
What is the hundreds digit of 2199730?
7
What is the billions digit of 1415803700?
1
What is the millions digit of 428161507?
8
What is the ten millions digit of 29184654?
2
What is the units digit of 3549961610?
0
What is the thousands digit of 217744335?
4
What is the hundred thousands digit of 26490918?
4
What is the units digit of 24615415?
5
What is the ten millions digit of 280446843?
8
What is the ten millions digit of 3134136188?
3
What is the thousands digit of 51677422?
7
What is the millions digit of 151737203?
1
What is the hundreds digit of 1891564924?
9
What is the tens digit of 313978267?
6
What is the units digit of 414000357?
7
What is the hundred thousands digit of 1209468369?
4
What is the units digit of 4441761623?
3
What is the hundreds digit of 17541003?
0
What is the units digit of 954137040?
0
What is the hundreds digit of 92036132?
1
What is the ten millions digit of 196753950?
9
What is the ten thousands digit of 307289717?
8
What is the thousands digit of 2559690096?
0
What is the hundred thousands digit of 1865228?
8
What is the units digit of 9758500?
0
What is the hundred thousands digit of 3055057754?
0
What is the hundred millions digit of 3231657246?
2
What is the hundred thousands digit of 117392254?
3
What is the tens digit of 1208607671?
7
What is the ten millions digit of 202543914?
0
What is the millions digit of 451300078?
1
What is the thousands digit of 2199168433?
8
What is the ten millions digit of 202707490?
0
What is the millions digit of 625541687?
5
What is the tens digit of 23752166?
6
What is the thousands digit of 329504649?
4
What is the ten thousands digit of 365717663?
1
What is the ten millions digit of 50086879?
5
What is the ten thousands digit of 2511040215?
4
